mon divisor of k and u?
9
Let a be (-5 + 7)*1/1. Suppose a*b + 3*b = 20. What is the highest common divisor of 2 and b?
2
Let v = 32 + -17. What is the greatest common factor of 6 and v?
3
Let p = 3 - -4. Let m be (5/(-2) + 1)/(42/(-588)). Calculate the highest common factor of m and p.
7
Suppose 0 = 3*y - 2*y - 1. What is the highest common divisor of y and 11?
1
Suppose 2*k - 47 - 161 = 0. What is the greatest common divisor of 13 and k?
13
Suppose -k + 2*a - 338 = -5*k, -a = -1. Let h(v) = -v**2 - 16*v + 11 - 5 + 23*v. Let f be h(6). Calculate the highest common divisor of k and f.
12
Let o be 15 + ((-1)/(-1))/(-1). Let r be 15*((-8)/(-3) - -2). Suppose r = 4*m + m. Calculate the greatest common factor of m and o.
14
Let o be (0 - -13 - 1)/(2/1). Calculate the greatest common factor of 8 and o.
2
Let p = 1 + 1. Let c(y) = y**2 + 2*y - 7. Let d be c(-6). Let s be (p/(-2))/((-1)/d). Calculate the highest common divisor of s and 136.
17
Let m(w) = -w**3 - 3*w**2 + 7*w - 1. Let d be m(-5). Let n = -8 + d. What is the highest common factor of n and 2?
2
Let j = -10 - -16. Let r be 159/j - 7/(-14). What is the greatest common factor of 3 and r?
3
Let y = -107 - -114. What is the highest common divisor of y and 63?
7
Let i be (3/2)/((-3)/(-30)). Let m be 4/(-10) + 1056/i. Let k be (m/6)/((-2)/(-6)). Calculate the highest common divisor of k and 7.
7
Let z(m) = -m + 21. Let i be z(0). Suppose 608 = 8*f - 736. What is the highest common divisor of i and f?
21
Let z = -155 + 163. Let j be 2/5 - (-318)/5. What is the highest common factor of z and j?
8
Suppose 2*n - 3*n + 27 = -3*f, 25 = 3*n + 5*f. Calculate the highest common factor of 10 and n.
5
Suppose 0 = 4*r - 2*y - 8, 5*r + 3*y = 8*y + 10. Suppose 0 = r*h - h - 1. Let c be 4 - (3 + h + -2). What is the greatest common factor of c and 20?
2
Let r(z) = 3*z + 2. Let f be r(3). Let j = -2 + 4. Suppose -j*w - 3*o + 28 = 0, -40 = -2*w - 2*w + 2*o. What is the greatest common divisor of f and w?
11
Suppose x - 3*x = -140. Let w(s) = s - 8. Let u be w(18). Calculate the greatest common factor of u and x.
10
Let w = 142 + -126. Calculate the highest common divisor of w and 1.
1
Let a(k) = 8*k**3 - 2*k**2 + 2*k - 2. Let n be a(2). Suppose -3*v - 4*c = -46, -4*v - c = c - n. Calculate the greatest common factor of 21 and v.
7
Let o be (2/4)/(4 - 3)*46. Let f(i) = i**2 + 3*i + 6. Let r be f(5). What is the highest common factor of r and o?
23
Suppose 3*l = -5*m + 33, -3*l = l + 4*m - 36. Let i be (-3)/12 + 2069/4. Suppose 187 = -5*k + i. What is the highest common factor of l and k?
6
Let m be 0 + 7/1 - 4. What is the highest common divisor of 3 and m?
3
Let t(n) = 4 + 8 - 4*n - 8. Let r be t(-4). Let u be (-152)/(-3) - 8/12. What is the highest common factor of u and r?
10
Let j be (-9 - -7)/(2/(-11)). Suppose w = -w + 22. What is the highest common factor of j and w?
11
Let k(s) = -32*s + 8. Let u be k(-2). Let m(f) = f**2 + 2*f. Let h be m(-4). Calculate the highest common factor of u and h.
8
Suppose 0 = f - 15 - 5. Suppose -4*k = -241 - 479. Calculate the highest common factor of f and k.
20
Suppose 0 = -2*x + 4*a - 6*a + 16, 3*x - 2*a = 4. Calculate the greatest common divisor of x and 8.
4
Let u = -506 - -1002. What is the highest common divisor of u and 62?
62
Let t be (-18)/(-1) - 0/(2 - -2). What is the highest common divisor of 36 and t?
18
Suppose -g = 4*g. Suppose g = o - 55. Calculate the greatest common divisor of 11 and o.
11
Let q be 3*-1 - (-19 + 4). Suppose w + 4*p - 20 = 0, -w = p - q - 2. Calculate the greatest common factor of w and 24.
12
Let j be (3/(-6))/(2/20). Let z = 3 + j. Let i be 3/3 + (-2 - z). What is the greatest common factor of i and 9?
1
Let u(w) = w**3 - 2*w + 3. Let t be u(3). Calculate the greatest common divisor of 16 and t.
8
Suppose -y + 3*o = 10, 0*y = 2*y - 4*o + 16. Let u = -6 - y. Let r = u + 6. What is the greatest common factor of 12 and r?
4
Let g = -38 + 66. Calculate the highest common divisor of g and 4.
4
Suppose -24 = -2*q + 84. Suppose -5*i + 0*t + 45 = -2*t, -2*i + 18 = -3*t. Calculate the greatest common divisor of q and i.
9
Suppose -3 = z - 9. Let n(c) be the second derivative of c**3/6 - c**2 + 7*c. Let p be n(z). Calculate the highest common divisor of p and 44.
4
Let c be 10/35 - (2/7 - 1). Let t = 0 + 5. Calculate the highest common divisor of c and t.
1
Let s = 27 + 3. Let u be 12*(-3)/(-1 + -2). What is the highest common divisor of s and u?
6
Suppose 2 = 5*i + 3*o - 1, -4*o = -3*i + 25. Suppose 8 = 3*r - 25. Let h = r - 8. What is the highest common factor of h and i?
3
Suppose -5*n = -n - 5*d - 75, 0 = 5*n - 4*d - 96. Suppose 0 = -3*j - 5 + n. Suppose 475 = j*w - 0*w. Calculate the highest common factor of w and 38.
19
Let x(o) be the first derivative of 10*o**3/3 + 3*o**2/2 + 2*o - 6. Let t be (1/(-1) - 2) + 1. Let r be x(t). Calculate the greatest common divisor of 6 and r.
6
Let y = 18 + -16. Suppose y*m = -3*m - 5*j + 385, -230 = -3*m - 4*j. Calculate the highest common factor of 52 and m.
26
Suppose -2*h - 5*q = -22, 4*h - 2*q - 16 = 2*q. Suppose w - 2*m - 40 = 0, 3*w - w = -5*m + 35. What is the highest common factor of h and w?
6
Suppose -4*k = -4*o + 164, -6 + 8 = -2*k. What is the highest common factor of 160 and o?
40
Let r be 5/((-135)/6) - (-224)/36. Let a = -50 + 104. What is the greatest common divisor of a and r?
6
Let c = 62 + -54. What is the greatest common factor of 4 and c?
4
Let m(c) = -2*c**3 + 3*c + 5. Let z be m(-4). Let w be 10/15*(-1 + z). Calculate the highest common divisor of 32 and w.
16
Let r(w) = -w + 14. Suppose 5*z = 3*y + 3*z + 35, 0 = 3*y + 3*z + 45. Let t be r(y). Calculate the highest common factor of t and 81.
27
Suppose -a = -10*a + 144. What is the greatest common divisor of 40 and a?
8
Let t(h) = h**3 - 5*h**2 + 5*h - 6. Let m be t(4). Let z be 3/3 + m + -109. Let g = z + 230. What is the greatest common factor of 15 and g?
15
Let m(s) = -4 + 5 + 6*s**2 + s**3 + 2*s + 5. Let f be m(-4). Let q be (-2 + 8)*(-2)/(-1). What is the greatest common factor of q and f?
6
Suppose 3*b = 14 + 4. Calculate the greatest common factor of 6 and b.
6
Let w(b) = 4*b**3 + b**2 - b. Let a be w(1). What is the highest common factor of 10 and a?
2
Suppose -2126 = -3*w - 3*s - 677, -3*s = w - 481. Suppose 4*z = -5*b + 498, 2*b - w = -3*b + 3*z. What is the greatest common factor of 14 and b?
14
Let p(k) = 2*k**2 + 5*k - 2. Let x be p(-4). Suppose 3*i - 40 = 5*l, -x = 2*i + l - 28. Suppose -i = -a - a. What is the greatest common factor of a and 45?
5
Suppose -3*o + 19 = -2*f - 5, 5*o + 5*f = 40. Let j = -6 - -26. Calculate the greatest common divisor of o and j.
4
Suppose 0*s + s - d - 1 = 0, -4*s = 3*d - 18. Calculate the highest common factor of 27 and s.
3
Let c(f) = -5*f - 8. Let r be c(8). Let p be (-6)/((-2)/(r/9)). Let a = -8 - p. Calculate the highest common divisor of a and 40.
8
Suppose 2*y + 108 + 104 = 4*t, 220 = 4*t + 2*y. Let k = 5 + 4. Calculate the greatest common divisor of t and k.
9
Let c(a) = 7*a - 8. Let d be c(4). Suppose -y = -7 + 2. What is the greatest common factor of d and y?
5
Let s = -95 + 108. Calculate the highest common divisor of s and 247.
13
Let n be (1/(-2))/(8/(-64)). Let g be n/(-10) + (-114)/(-10). Calculate the greatest common factor of 11 and g.
11
Let r(i) = -i**3 + 9*i**2 - 8*i + 3. Let v be r(8). What is the highest common factor of 3 and v?
3
Let i = 2 + 1. Let h be (48/28)/(2/105). Suppose 0*v - i*v + h = 0. What is the greatest common divisor of v and 6?
6
Let p = 103 - 49. Suppose -s = -2*s + 6. What is the greatest common factor of p and s?
6
Suppose 264 = 4*r - r. Let y be 2 + -4 - (-12 - 1). What is the highest common factor of r and y?
11
Suppose 0*t + 2*t = 16. What is the highest common factor of 32 and t?
8
Suppose 11*z - 31 = 266. What is the greatest common divisor of z and 18?
9
Suppose 5*y - 40 = 25. Calculate the greatest common factor of 52 and y.
13
Let u = 95 - -1. What is the greatest common factor of 16 and u?
16
Let s(f) = -34*f**3 - f**2 - f. Let c be s(-1). Let i = -16 + c. What is the greatest common divisor of i and 90?
18
Let w = 66 + -33. Let m = w - 20. Suppose -1 + m = h. What is the highest common divisor of 6 and h?
6
Let h be (0 - 1)*(-3 +